 65 = -r - r, -5*h = 3*r - 88. What is the remainder when r is divided by g?
7
Suppose 279*z = 274*z + 795. What is the remainder when z is divided by 33?
27
Let a(f) = 9*f**2 - 2*f. What is the remainder when a(-2) is divided by (-84)/9*9/(-6)?
12
Calculate the remainder when 30 is divided by 316/28 + 2/(-7).
8
Suppose -64 = -3*q - z - 3*z, -4*q - 2*z + 72 = 0. Calculate the remainder when 63 is divided by q.
15
What is the remainder when 38 is divided by -4 + -1 + (3 - -10)?
6
Suppose 0 = -y - 3, 0 = -5*a - y - 0*y + 112. What is the remainder when 43 is divided by a?
20
Let l(o) = -o**3 + 8*o**2 - 10*o + 12. Let b be l(9). Let i = -77 - b. Calculate the remainder when i is divided by 14.
12
Suppose -10*f + 9*f = -19. Suppose -5*p + 30 = -2*p - 3*h, 2*h = 3*p - 25. What is the remainder when f is divided by p?
4
Calculate the remainder when (13 + -18)*14/(-2) is divided by 12.
11
Let o be (-12)/(-1) + 3/(-3). Let b = -4 - -11. Let d = o - b. Calculate the remainder when 5 is divided by d.
1
Let j = 40 + -17. Let r = -8 + j. What is the remainder when 44 is divided by r?
14
What is the remainder when 18 is divided by ((-9)/(-3))/((-6)/(-14))?
4
Let l = 35 + -15. Calculate the remainder when 58 is divided by l.
18
Suppose s + 5*v = -0*s + 28, 3*v + 12 = s. Calculate the remainder when 51 is divided by s.
15
Suppose 0 = h + 2*h - 99. What is the remainder when 96 is divided by h?
30
Suppose -4*a + a = -9. Let v = 18 - 10. Calculate the remainder when v is divided by a.
2
Let s = 208 - 126. Calculate the remainder when s is divided by 5.
2
Let b(t) = -t**3 + 9*t**2 + t - 6. Let m be b(9). Let r = m - 0. Let s = 14 - r. Calculate the remainder when s is divided by 4.
3
Let q(z) = -z**3 + 11*z**2 + 2*z - 11. What is the remainder when 21 is divided by q(11)?
10
Let g(u) = 17*u + 13. Calculate the remainder when g(3) is divided by 22.
20
Suppose 2*m = 2 + 6. Suppose 0 = m*h - 39 - 9. Calculate the remainder when 23 is divided by h.
11
Suppose 4*h - 403 = 3*k, -340 = -3*h - 5*k - 74. Calculate the remainder when h is divided by 50.
47
Let z = -57 + 128. What is the remainder when z is divided by 25?
21
Suppose 6 + 24 = 3*y. Suppose -3*g = 3, -3*n + 4*g - 23 = -4*n. What is the remainder when n is divided by y + (2 - (1 + 1))?
7
Let c = -2 + 4. Suppose d - c = 1. What is the remainder when 8 is divided by d?
2
Suppose 3*g - 6*g + 100 = 4*i, -5*i - 3*g = -125. Let q(h) = h**3 + 5*h**2 - 7*h + 8. Calculate the remainder when i is divided by q(-6).
11
Let y = 0 - 0. Let l = y + 6. Suppose 3*b - 4*f = 109, 0 = -l*b + 2*b - 2*f + 182. What is the remainder when b is divided by 15?
13
Let z be (-15)/(-12) - 1/4. Suppose -v + z = -1. Let y(a) = -2*a - 9. What is the remainder when y(-7) is divided by v?
1
Suppose -3*q + 97 = j + j, 0 = 5*j + 5*q - 230. Calculate the remainder when j is divided by 21.
20
Let a(t) = -5*t - 5. Calculate the remainder when 19 is divided by a(-3).
9
Suppose 3*r - 22 = 5*d + r, 3*d = 2*r - 10. Let u(c) = -8*c + 5. Suppose -8*m + 2*m + 84 = 0. What is the remainder when u(d) is divided by m?
11
Let p(b) = b - 5. Let k be p(7). Let x be ((-100)/6)/(k/6). Let t = -32 - x. What is the remainder when t is divided by 7?
4
Suppose -3*i - 2*w = -0*w + 2, -w = -i + 6. Suppose i*k + 32 = -2*k. Let b = 20 + k. What is the remainder when 34 is divided by b?
10
Let s(n) = -5*n - 30. What is the remainder when 65 is divided by s(-13)?
30
Suppose 5 = z - 5. Suppose 5*v - 4*x = 185, -2*x - 234 = -5*v - 49. What is the remainder when v is divided by z?
7
Let g(b) = 10*b**2 + 1 + 3 - 3 - 2. Calculate the remainder when g(1) is divided by 6.
3
Suppose n + 73 = y, 4*y - 3*n - 324 = -31. Calculate the remainder when 368 is divided by y.
72
Suppose -3*o + 4*o + x = -19, 23 = -o - 3*x. Let q = 9 + o. Calculate the remainder when 23 is divided by ((-6)/4)/(1/q).
11
Let p = 19 - -75. Calculate the remainder when p is divided by 16.
14
Suppose -4*k + 26 + 10 = 0. Suppose -3*p = -5*p + 50. What is the remainder when p is divided by k?
7
What is the remainder when 7*(212/14 - 4) is divided by 20?
18
Suppose -5*l = -4*z - l - 48, -3*z = -5*l + 30. Suppose 15 = -10*d + 5*d. Let j = d - z. Calculate the remainder when 34 is divided by j.
10
Let w = -28 + 42. Calculate the remainder when 55 is divided by w.
13
Suppose -22 = -2*d - h, 0 = -5*h + 18 + 2. Suppose -4*b + 44 = -2*b. Let v = -6 + b. Calculate the remainder when v is divided by d.
7
Suppose 4*i = -7 + 59. Let g = 83 - 47. Calculate the remainder when g is divided by i.
10
Let t = -1 + 1. Let z(y) = 4*y**2 + 3*y. Let a be z(-5). Suppose t*x = -5*x + a. Calculate the remainder when x is divided by 5.
2
Suppose -3*z = 3*d - 78, -4*z + 2*d + 103 = 5*d. Calculate the remainder when z is divided by 9.
7
Let i be 30/(3 + 6/(-4)). Let x = i + 1. Calculate the remainder when x is divided by 11.
10
Let d be (-8)/(-28) + (-1816)/(-14). Suppose 0 = -2*j - 3*j - d. Let v = -1 - j. Calculate the remainder when v is divided by 9.
7
Let z = -3 - -11. Suppose -3*x + z*x - 42 = -2*p, -20 = -3*x + 4*p. What is the remainder when (-1)/((-2)/48) + -1 is divided by x?
7
Let w = 62 + -43. Suppose 0 = t + 5*i - 10, -4*i - 7 + 31 = 4*t. Calculate the remainder when w is divided by t.
4
What is the remainder when (-2)/12 - (-710)/12 is divided by 31?
28
Suppose 0*i = -i - 2, -5*i = -5*o + 100. Let m be (-2)/(-8) - (-44)/16. Suppose -o = -m*k - 6. Calculate the remainder when 14 is divided by k.
2
Let o(c) = -20*c - 16. Calculate the remainder when 172 is divided by o(-3).
40
Suppose -3*j - 28 = 2*s, -j + 31 = s - 4*s. Let m = s - -37. What is the remainder when m is divided by 7?
5
Let t(p) = -33*p + 3. Let c be -1 + 3 - (3 + 4). Let g be t(c). Suppose -w + 190 = 5*x, 3*x = 7*x + 4*w - g. Calculate the remainder when x is divided by 13.
11
Let w = 4 - 3. Let m = 2 - w. Suppose 0 = 5*z + 4 - 14. Calculate the remainder when z is divided by m.
0
Suppose d - 125 = -4*d. Let f(n) = n**2 + 3*n - 171. What is the remainder when d is divided by f(-15)?
7
Let v(a) = a**2 + 7*a - 13. Let x be v(-9). Let l be (-2)/x - 18/30. What is the remainder when 20 is divided by (-1)/1 + (-8)/l?
6
Suppose -7*s = -11*s + 180. Calculate the remainder when s is divided by 16.
13
Suppose 90 = 5*z + 5*y, -7 = -4*y + 5. Calculate the remainder when z is divided by 9.
6
Suppose y + 6 = 3*y. Suppose 2*b + b - y = 0. What is the remainder when 46 is divided by b + (-2 - (-39)/3)?
10
Let n = 82 - -203. Suppose -5*y + 8*y = n. Calculate the remainder when y is divided by 24.
23
Suppose -2*w - 3*w = -145. What is the remainder when w is divided by 8?
5
Suppose -4*h = -3*v + 5*v - 44, -4*v = 4*h - 76. What is the remainder when 61 is divided by v?
13
Suppose -7 - 15 = -2*s. Let b(p) = 8*p**2 - 2*p. What is the remainder when s is divided by b(1)?
5
Let z(t) = 2*t**2 - 4*t + 5. Let w(x) = -11*x - 3. What is the remainder when w(-4) is divided by z(4)?
20
Let d = 10 - 14. What is the remainder when 5 is divided by (d/(-5))/((-4)/(-10))?
1
Suppose 79 = 3*h + 2*n, 0*n - 3*n - 31 = -2*h. Let g = h + -12. Let i = g - 2. Calculate the remainder when 17 is divided by i.
8
Let q = -10 - -400. What is the remainder when 33 is divided by q/33 - (-8)/44?
9
Let k(x) = 0 + 3*x - 4 - 1 + 4*x. Let w = -12 - -20. What is the remainder when k(4) is divided by w?
7
Calculate the remainder when 32 is divided by (4 - 0/1) + 3.
4
Suppose 0 = -2*c - c + 9. Let d(s) = -c + 2*s + s + 4. What is the remainder when 18 is divided by d(3)?
8
Let x = 13 - 6. Suppose 2*f + 5*n + 100 = x*f, 0 = 3*f - 4*n - 55. Suppose 62 + 2 = 3*i - 5*v, 2*i + 2*v = 16. What is the remainder when f is divided by i?
12
Let l(r) = 12*r. Let s be l(-2). Let i = s + 34. Calculate the remainder when 29 is divided by i.
9
Suppose 3 = 3*m - 42. Let w = 150 + -108. What is the remainder when w is divided by m?
12
Suppose -9*b + 120 = -6*b. Calculate the remainder when b is divided by 14.
12
Let h(j) = -j**2 + 3*j + 3. Let m be h(3). Suppose 0 = t - m*t + 20. Let v(n) = n**3 - 5*n**2 + 7*n - 6. Calculate the remainder when t is divided by v(4).
4
Let l(v) = -4*v + 7. Suppose 2*w - 5*s - 395 = -3*w, 4*w - 301 = s. What is the remainder when w is divided by l(-3)?
17
Let o be ((-145)/(-2))/(10/20). Suppose 4*p = -